w be u(8). Let m(i) = w*n(i) - 5*v(i). Calculate m(-3).
-7
Let v = -1702 + 1703. Let h(q) be the second derivative of -5*q**3/2 + q**2/2 + q. Calculate h(v).
-14
Let g(o) = 7 - 2 - 2*o**2 - 1 + 5*o - o**3. Let x(z) = z**3 - 24*z**2 - 84*z + 78. Let d be x(27). Give g(d).
-2
Suppose 173*c = 171*c - 4. Let r(a) = a**3 + a**2 + a + 1. What is r(c)?
-5
Let l(i) = 2*i + 6. Let a be l(-4). Let v(m) = 5*m**3 - 3*m**2 - 6*m + 13. Let j(c) = 4*c**3 - 2*c**2 - 4*c + 10. Let h(p) = 4*j(p) - 3*v(p). Give h(a).
-7
Suppose 0 = -z + 1 + 3. Suppose 2*k - 3*k = -z. Let n(i) = -40*i**3 - 3 - 3*i - k*i**2 + 39*i**3 - 2. Calculate n(-4).
7
Let g(q) be the second derivative of -q**3/6 - 9*q**2/2 + 4*q. Let c = 6 - 5. Suppose -9 = 2*t - c. Give g(t).
-5
Let k be (2 + (-2)/(-2))*(-4)/(-2). Let x(c) = -c**3 + 5*c**2 + 7*c + 2. Give x(k).
8
Let g(k) = 2*k**3 - k**3 - 37*k + 0*k**3 + 4 + 23*k + 5*k**2. Calculate g(-7).
4
Let n(b) = 14*b**2 - 6*b - 5. Let l(m) = -5*m**2 + 2*m + 2. Let u(k) = -11*l(k) - 4*n(k). Let s(g) = g**2 - g + 2. Let h be s(1). Determine u(h).
-2
Let c be 8/3*(-1)/(10/(-15)). Let j(o) = o**2 - 5*o - 3. Calculate j(c).
-7
Let i(q) = -3*q + 9. Suppose -j + 4*j = 6. Suppose -4*o + t - 4*t + 90 = 0, -4 = j*t. Suppose 5*u - 6 = o. Calculate i(u).
-9
Let k(g) = -g**2 - g - 19. Let h(o) = -4*o**2 - 2*o - 55. Let i(x) = -2*h(x) + 7*k(x). What is i(7)?
5
Let m(v) be the third derivative of v**5/60 - v**4/6 - 5*v**3/6 + v**2 - 12. Let i(y) = y + 4 + 4 - 3. Let f be i(0). What is m(f)?
0
Let p(c) = 2 - 3 - c**2 - 3*c**2. Suppose -5*n - 4*w = -10*n - 13, 0 = -2*n - w. What is p(n)?
-5
Let d(t) = -6*t + 0*t + 3*t. Let y(v) = 5*v. Let c = -465 + 473. Let w(l) = c*d(l) + 5*y(l). What is w(-3)?
-3
Let y = 5 - 5. Suppose -v + 5*v - 12 = y. Let q(p) = 6*p + 7. Let l(m) = -3*m - 4. Let c(b) = -11*l(b) - 6*q(b). Give c(v).
-7
Let r(v) = 11*v**3 + 40*v**2 + 2*v - 28. Let m(z) = -4*z**3 - 14*z**2 + 9. Let d(f) = 8*m(f) + 3*r(f). What is d(-7)?
-5
Let n(u) = u**2 - u + 4. Let q be n(0). Let f(g) = q + 9 - g - 5 - 2. What is f(9)?
-3
Suppose -f - 5*u - 15 + 43 = 0, f + 2*u - 19 = 0. Let v(n) = -n**3 + 13*n**2 + n - 14. Determine v(f).
-1
Let f(x) = -x**3 - 3*x**2 + 2*x + 4. Let i(u) = -2*u + 13. Let y be i(4). Suppose r - y = -8. Calculate f(r).
-2
Let b(l) = -521 + 261 + l**2 + 250 - 7*l. Let x = 20 - 11. Calculate b(x).
8
Let k(d) be the first derivative of 3*d**2/2 + d + 38. What is k(2)?
7
Let n(u) = -u**2 + 6*u - 5. Suppose 4*d = 3*i - 35, -4*d = i - 2*i + 1. Suppose -q = -0*q + i. Let z = 22 + q. Give n(z).
0
Let n(i) = i**2 - 6*i. Let u be n(6). Let p(f) = 5 + u - 2 + f**2 + f. What is p(-3)?
9
Let g(r) = 41124 - 41117 - 5*r**2 + 0*r + r. Calculate g(-3).
-41
Let l(c) = 6*c - 39. Let d(v) = 3*v - 18. Let s(h) = 13*d(h) - 6*l(h). Calculate s(6).
18
Let f(b) = -b**3 - 6*b**2 - 3*b + 3. Suppose 0*y - 2*y = 1160. Let i be y/(-50) + (-3)/5. Suppose -i = o + v - 3*v, v = 2*o + 13. What is f(o)?
-7
Let i(t) = t**2 - 5*t + 4. Let r = -7 + 12. Let g be i(r). Let j(n) = n**3 - 3*n**2 - 4*n + 5. Give j(g).
5
Let a(r) = -r + 3*r**2 + 3*r + 164 + r**2 - 85 - 80. Give a(1).
5
Let q(g) = -g**3 + 2*g**2 + g + 1. Suppose 4*s + 90 = -5*u - 0*s, 2*u = 5*s - 69. Let t be (-3)/(6/u) - -2. Let o = -11 + t. Give q(o).
3
Let r(k) = -3*k + 2. Suppose 5*x = -2*v + 18, 3*x = 3*v - 25 + 19. Give r(v).
-10
Suppose 3 = 2*p - 5. Suppose -w - 4*i = 4*w + 9, 2*i - 28 = p*w. Let a(y) = 5*y + 5 - 4*y - 3*y + 3*y. What is a(w)?
0
Let u(h) be the third derivative of -h**5/60 - 7*h**4/24 + h**3 - 74*h**2. Calculate u(-8).
-2
Suppose 4*s + 24 = 2*c, 0*c = 3*s - 4*c + 18. Let d(y) = y**2 + 7*y - 6. What is d(s)?
-12
Let g be 60/(7 - 2)*(-9)/(-36). Let f(k) = 2*k**2 - 2*k + 4. What is f(g)?
16
Let g = 53 - 43. Let w(r) = -4*r - g + 8 + 1 - 1. Let k = 0 + -2. Determine w(k).
6
Suppose -28*i + 21*i - 7 = 0. Let a(g) = 2*g**3 - g**2 - g. Determine a(i).
-2
Let j(v) = v - 6. Let z = -78 - -73. What is j(z)?
-11
Suppose -10 = -5*h - 0. Let l(k) = -5*k**2 - 2*k - 1. Let d(z) = -z**2 + 1. Let o(s) = h*d(s) - l(s). Let u(g) be the first derivative of o(g). Determine u(-2).
-10
Suppose 0 = -3*s + 5*v - 4, 0 = 5*s - 4*v - 4 + 2. Suppose -s*g - 15 = -5*g. Suppose g*d + 3*p + 16 = 0, 14 = -4*d - p - 2*p. Let y(f) = f - 2. Give y(d).
-4
Let h(r) = 3 + 33*r**2 - 32*r**2 - 8 - 9*r + 7. What is h(8)?
-6
Let c(d) = d**2 + 6*d - 2. Let m(y) be the first derivative of -y**2 + 6*y + 2. Let p(t) = t + 6. Let u be p(0). Let x be m(u). What is c(x)?
-2
Let d be (-8)/12*3 + -16. Let i = d + 23. Let x(w) = -2 + i*w - w - w. What is x(-2)?
-8
Suppose 0 = -3*a + 14 - 2. Let q(h) = -a*h**2 + 16*h - 7*h + 1 - 7*h. Suppose -2*k = -3*b + 5, 5*b + 13 + 12 = -5*k. Calculate q(b).
-5
Let w(y) = -y**2 + 11*y - 2. Let o be 5 + 0*4*(-2)/(-16). Calculate w(o).
28
Suppose 94*z - 4*o - 30 = 99*z, 5*o - 6 = z. Let q(g) = 2 + 1 - g + 0*g. Calculate q(z).
9
Let c(a) = 1366*a**2 - a**3 + 1362*a**2 + 26 - 2729*a**2. What is c(0)?
26
Let p(a) = -7*a - 8. Let v(b) = -32*b - 32. Let y(c) = 9*p(c) - 2*v(c). Determine y(9).
1
Let t = -6 + 3. Let o = 149 - 149. Let w = o - t. Let l(g) = -g**3 + g**2 + 5*g - 2. Determine l(w).
-5
Suppose -6*t = -2*t - 104. Let r(z) = -41*z + 16*z - 16 + t*z. Calculate r(0).
-16
Suppose y - z = z + 14, -y + 3*z = -18. Let n(a) = 0*a - y*a - 1 + 10*a. Determine n(-4).
-17
Let s(a) = 7*a**3 + a**2 + a - 1. Suppose -6*h - 3 + 9 = 0. Determine s(h).
8
Let c be ((-2)/3)/(1/(-3)). Let x(p) = -6 + p**3 + c*p + 7*p - 5*p - 4*p**2. Let y be 1/(-2)*104/(-13). What is x(y)?
10
Let h(u) = -u**3 + 5*u**2 - 2*u - 3. Suppose -2*k - 4*b + 24 = 0, -5*b = -12*k + 16*k - 39. Determine h(k).
-51
Let f(q) = 5*q + q + 0*q - 1 - 11*q. Let a(c) = 20*c + 5. Let x(n) = -2*a(n) - 9*f(n). Calculate x(-1).
-6
Let l(b) be the first derivative of 2*b**3/3 - 21*b**2/2 + 14*b - 458. Give l(10).
4
Let l(q) = -q**2 + 21*q + 354. Let y be l(32). Let j(w) = w**3 + 0*w + w**2 + 2 - 1 - 3*w. What is j(y)?
7
Let b be 1*(5 + -1 + -3)*0. Let r(y) be the third derivative of -1/60*y**5 + 1/12*y**4 + 0 - 4*y**2 - 1/6*y**3 + b*y. Calculate r(3).
-4
Suppose -u + 6 = 3*l + 3*u, 0 = l + u - 2. Let h(t) = -t**3 + 2*t**2 - 2*t. What is h(l)?
-4
Let h(s) = -s**3 + 4*s**2 + 4*s + 1. Let b be h(5). Let o(v) = 43*v + 1 - 52*v + 2 + 10*v. Determine o(b).
-1
Let k(s) = 0 - 4*s - 3*s + 6 + s**2 + 2*s. Give k(5).
6
Let x(f) = f - 1. Let g(a) be the first derivative of -2*a**2 - 8*a - 4. Let y(o) = -g(o) - 3*x(o). Let s(z) = 5*z. Let d be s(-1). Determine y(d).
6
Let a(h) = -5 - 3 - 9 + 14 + h. Suppose s = -0*s - 9. Let v = s + 9. Determine a(v).
-3
Let z be (-2)/(6/21) - -1. Let x(l) be the second derivative of -2*l**3/3 - 9*l**2/2 - 10*l. Determine x(z).
15
Let f(o) = 5*o - 1. Let m(d) = -10*d + 3. Let r(q) = -9*f(q) - 4*m(q). Let a(b) = -102*b - 1943. Let w be a(-19). What is r(w)?
22
Let w(o) be the second derivative of o**4/12 + 9*o**2/2 - 332*o - 2. Suppose 3*m + 4 = m. Let l be 3/6 - m/(-4). Give w(l).
9
Let v(w) = 35*w + 5. Let p be v(0). Let l(d) be the third derivative of 0 + 0*d - 1/24*d**4 + 1/60*d**p + 1/120*d**6 + 5*d**2 - 7/6*d**3. What is l(0)?
-7
Let z(q) = 0*q - 69 + 123 - 66 - q. Determine z(-17).
5
Suppose -3*a + o + 17 = 0, -a = -0*a - 3*o - 11. Let c(f) = -4*f - 13 + a*f + 11. What is c(-3)?
-5
Let j(i) = -5*i**2 - i - 13. Let q(o) = 4*o**2 + o + 15. Let k(a) = -3*j(a) - 4*q(a). What is k(0)?
-21
Let c = -15 + 17. Suppose 0 = c*j + 4 - 6. Let n(u) = 6 - u - j - 3 + 5*u. Give n(2).
10
Suppose 2 + 13 = 3*q. Suppose 5*b - 5 = 5*r - 45, 0 = 4*r - q*b - 35. Let z(m) be the first derivative of m**2/2 - 10*m - 1. Determine z(r).
-5
Let u(m) = 2*m - 2 + m**3 - 3*m**2 + 5*m**2 + 0*m**2 - 4*m. Suppose -2*k + 186 - 182 = 0. Calculate u(k).
10
Let u(b) = -19*b - 8. Let d(m) = 26*m + 6. Let y(w) = -2*d(w) - 3*u(w). What is y(-5)?
-13
Let u be -1*(34/(-16) - 13/(-104)). Let r(t) be the third derivative of 1/120*t**6 + 0*t + 1/12*t**4 - 7/6*t**3 + 1/12*t**5 - 3*t**u + 0. Give r(-5).
-17
Let i be (1 - 5) + (-5)/(-1). Let z(w) = -i + 2 + 4*w - 8 + 8. Calculate z(1).
5
Let d be (-1)/2*(9 + -11). Let f(u) = 3*u - 1. Let l be f(d). Let c(i) = 7*i + 7*i**2 + 0*i**3 + i**3 - 5*i - 4*i**2 - l. Give c(-2).
-2
Let r(x) be the first derivative of -16 + 0*x**2 - 1/3*x**3 - 9*x. Supp